 c(-1). Let d = 869 - 619. Suppose -17*m - d = -z*m. List the prime factors of m.
5
Suppose 16 = 2*a + 10. Suppose 4 = g + a*g, 2*u = -5*g - 17. Let h = u + 137. What are the prime factors of h?
2, 3, 7
What are the prime factors of (-414318)/3123*(75*-3)/1?
2, 3, 5, 199
Suppose -122194 = -4*y + 12*p - 14*p, -3*y = 4*p - 91643. What are the prime factors of y?
3, 17, 599
Let l(a) = -63*a**3 - 2*a**2 - 23*a - 59. List the prime factors of l(-8).
3, 13, 827
Suppose 153 = 4*c + 113. Suppose -2037 - 763 = -c*o. Let g = o + -192. What are the prime factors of g?
2, 11
Let c(a) be the third derivative of 19*a**4/12 + 10*a**3/3 + 30*a**2 - 2*a. List the prime factors of c(10).
2, 5
Suppose 0 = -b - 1, -l - 10*b = -6*b + 2. What are the prime factors of 230*(l/(50/45) + -1)?
2, 23
List the prime factors of 2141364/63 + 2 + 100/1050.
2, 7, 607
Let s(x) = -2*x**3 - 65*x**2 - 33*x + 69. What are the prime factors of s(-33)?
3, 7, 107
Let q(j) = -3*j**2 - 20*j + 8. Suppose -h - 12 = 3*h - 4*b, 5*b = -20. Let g be q(h). List the prime factors of -2 - (g + -1) - -60.
2, 29
Suppose 23*f = 149027 + 111747. What are the prime factors of f?
2, 5669
Let k be (-6)/18 - (0 + 434/(-6)). Suppose -k*i = -73*i + 64. What are the prime factors of i?
2
Let k(m) = m**3 + 51*m**2 + 329*m - 57. What are the prime factors of k(-36)?
3, 7, 359
Suppose i - 9 = 3*d, -i + 4*d - 2*d + 5 = 0. Let x be (20/6)/((-5)/(-315)*i). Let n = x + 81. List the prime factors of n.
11
Let y = 48 - 44. Suppose -y*z - 19 = -f + 4, 3*z + 30 = 5*f. Suppose 0 = 2*x + 5*o - 140, -f*x + 6*o - o + 160 = 0. What are the prime factors of x?
2, 3, 5
Suppose k + x = 2*k - 86, -5*x + 25 = 0. Suppose -5*q - 126 = 3*t, 2*t + 0*q = -q - k. Let j = -28 - t. List the prime factors of j.
19
Let h(x) = 2058*x - 429. What are the prime factors of h(2)?
3, 1229
Suppose -6*f = 38 + 4420. Let o = f + 1298. List the prime factors of o.
3, 5, 37
Let z(m) = -28*m**3 - 85*m**2 - 556*m - 4. What are the prime factors of z(-6)?
2, 5, 79
Suppose 0 = 64*c + 83*c + 18*c - 1261920. List the prime factors of c.
2, 239
Let a(y) = -3*y + 20*y**3 + 1 + 12*y**3 - 6*y**2 - 3 - 28*y**3. List the prime factors of a(3).
43
Let m = -9 - -10. Let u be (1 - m)/(-3 + 7). Suppose -3*x + 2*x + 40 = u. List the prime factors of x.
2, 5
Suppose -5*z - z + 18 = 0. Let n be 0/(-7 + z - (-2 - 0)). Suppose j = -r + 58, n = -2*r - 2*r. What are the prime factors of j?
2, 29
Let p(h) = -27*h**2 + 1916*h - 30. List the prime factors of p(69).
3, 13, 31
Let a(b) = 75*b + 63. Suppose 5*y + 35 = 13*d - 9*d, -2*y = 6. List the prime factors of a(d).
2, 3, 73
Let m(s) = -2*s**3 - 10*s**2 - 64*s - 318. List the prime factors of m(-20).
2, 6481
List the prime factors of (-29 + 36 - (-147502)/10) + (-3)/15.
3, 4919
Let q(g) = -g**3 + 4*g**2 - g. Let h be q(4). Let j be h*(-2)/(-4) + -245. Let l = j - -351. What are the prime factors of l?
2, 13
Suppose -5*l + s = -42264, 5*l - 42276 = -0*l + 4*s. List the prime factors of l.
2, 2113
Let d(i) = -i**3 + 8*i**2 + 11*i - 12. Let n be d(9). Suppose -k + n*k = 0. Suppose k = 8*g - 4*g - 164. What are the prime factors of g?
41
Let p(z) = -2988*z - 882. List the prime factors of p(-4).
2, 3, 5, 41
Let g = 21176 + -86192. List the prime factors of ((-1)/(-6)*3)/((-18)/g).
2, 3, 7, 43
Suppose 345*j = 324*j + 524685. List the prime factors of j.
5, 19, 263
Suppose 4*u + 36155 = 5*r, 21*r - 3*u = 23*r - 14485. List the prime factors of r.
5, 1447
What are the prime factors of (-7524)/24*50/(-15)?
5, 11, 19
Let w(i) = i**2 + 28*i + 54. What are the prime factors of w(-93)?
3, 19, 107
Suppose 2*p - u - 14 = -3*u, 14 = 2*p + 3*u. Suppose 13*o - p*o = 12. Suppose o*q = 237 - 41. List the prime factors of q.
2, 7
Suppose 5*f = 3*c - 12, 4 = c - 33*f + 31*f. Let z = 94 + 1. Suppose -c*t = -9*t + z. List the prime factors of t.
19
Let v be ((-11)/14 + (-20)/(-70))*-11312. Suppose -22*c + v = -262. What are the prime factors of c?
269
Suppose 3*m + u = 8*m - 5483, -5*m = 4*u - 5468. Let s = m - 643. List the prime factors of s.
3, 151
Let j = -25 + -4. Let m = j - -31. Suppose -p + 146 = -5*t, -236 = -4*p + m*t + 438. List the prime factors of p.
3, 19
Suppose 5553 = 36*i - 553023. List the prime factors of i.
2, 3, 431
Suppose 9*t - 5*t - 5*z = 271650, 3*t = 2*z + 203727. List the prime factors of t.
3, 5, 503
Suppose 77*x - 75*x - 295675 = -3*x. List the prime factors of x.
5, 11827
Suppose 3*x = 2*x - 2*c + 1, -3*c = -3*x + 21. Suppose -4*z = 3*g - 22, x*z = -4*g + 29 - 2. Suppose 70 - z = m. What are the prime factors of m?
3, 7
Let g be 5*(-1 - -2)*-69. Let x = g + 553. List the prime factors of x.
2, 13
Suppose -2*m + 24 + 14 = 0. Let l = m - -33. Suppose -176 = -4*d + l. What are the prime factors of d?
3, 19
List the prime factors of (-2)/41 + 11122/2747 + 38857.
38861
Let q(w) = 20*w**2 - 132*w - 1212. What are the prime factors of q(-56)?
2, 5, 13, 53
Let w(h) = -51*h - 2. Let s(x) = x. Let u(q) = 5*s(q) + w(q). Let v be -1 + (4 + -2 - 2). What are the prime factors of u(v)?
2, 11
Let l(k) = -198*k**3 + 3*k**2 + k + 1. List the prime factors of l(-1).
3, 67
Suppose 5*f - j - 444 - 128252 = 0, -5*f + 128692 = 3*j. List the prime factors of f.
7, 3677
Let u(h) = 4*h**3 + 5*h**2 - 23*h + 13. Suppose 44 = 7*x + 2. What are the prime factors of u(x)?
919
Let q(i) = i**2 - 3*i + 7. Let u be q(5). Let f = 23 - u. Suppose d = -f*d + 182. List the prime factors of d.
2, 13
Let s(r) = r**2 + 4*r - 2. Suppose 2*c - 5*n + n + 10 = 0, 4*n + 25 = -5*c. Let z be s(c). Suppose -z*h + 1280 = 5*h. List the prime factors of h.
2, 5
Let q(j) = -1775*j + 1678. List the prime factors of q(-18).
2, 7, 1201
Let z = 77 - 78. Let o be (-2 - -3)*(5/5 + z). Let h = 31 + o. List the prime factors of h.
31
Let z(j) = j**2 - 17*j - 11. Let c be z(15). Let t = 23 - c. What are the prime factors of t?
2
Let m(z) = -12*z - 10 - 15*z + 12 + 11. Let b be m(-7). Suppose 0 = 58*i - 60*i + b. What are the prime factors of i?
101
Suppose b - 4*b + 18 = 0. Suppose b*t - 4*t = 3*x - 2, 2*t + 10 = 5*x. What are the prime factors of x*3/(-24)*-2*283?
283
Suppose -817 = 2*i + 5*f, -2*f + 163 = -i - 259. Suppose -249 = -9*m + 5187. Let a = i + m. List the prime factors of a.
2, 47
Suppose -4*k + 11 = -5. Let l(u) = 6*u**3 + 8*u**2 - 10. What are the prime factors of l(k)?
2, 251
Suppose 1 = -3*r + 10. Suppose 7*x - 8210 = -r*x. What are the prime factors of x?
821
Let k(f) = f**3 - 16*f**2 - f + 2. Let x be k(16). Let j(m) = -2*m - 15*m**2 - 10*m + 3 - m**3 + 0*m**3 - 5*m. What are the prime factors of j(x)?
3, 5
Let g(b) = 17*b - 5*b + 64 + 13*b. List the prime factors of g(17).
3, 163
Let u be (266/(-21))/((-2)/3). Suppose 18*v = u*v - 2. List the prime factors of 123/(-2)*v/(-3).
41
Suppose 9706 = 6*r - 4*d, 83*r - 81*r + 3*d = 3257. What are the prime factors of r?
1621
Let v = 14535 - 8083. What are the prime factors of v?
2, 1613
Let p = 35402 + -21180. What are the prime factors of p?
2, 13, 547
Let t(j) = -5 + 2*j + 140*j**2 - 12*j - 142*j**2 + 3*j**3. List the prime factors of t(5).
2, 3, 5
Suppose 0 = 171*r - 166*r - 2225. What are the prime factors of (-8)/24 - r/(-3)?
2, 37
Let t be 5 - (4/(-3))/((-4)/6). Let s be -2 + 1 + t + -1. List the prime factors of s + (-2 - -2*38).
3, 5
Let d(a) = -94*a + 245. Let i be d(17). Let u = 2612 + i. List the prime factors of u.
1259
Suppose 0 = -5*t + 6540 + 815. Let h = t + -774. List the prime factors of h.
17, 41
Suppose -790 + 66 = -4*x. Suppose 4*l = 3*l - x. Let o = -56 - l. What are the prime factors of o?
5
Suppose -21*o - 48*o + 0*o + 1119111 = 0. What are the prime factors of o?
7, 331
Let a be (4/(-3))/(12/(-18)). Let b = -585 + 237. List the prime factors of (a - (-5)/(-2))/(3/b).
2, 29
Let a(i) = 60*i**2 - i - 1. Let h be a(1). Let k(l) = -l**2 + 9*l - 8. Let j be k(8). What are the prime factors of (j - h)/((33/6)/(-11))?
2, 29
List the prime factors of 81244/38 + (-6)/(-2).
2141
Let h be (-8)/(-12)*5/(-10)*9. List the prime factors of ((-11323)/65)/(h/15).
13, 67
Let g(i) = 9*i**2 + 46*i + 2520. What are the prime factors of g(-60)?
2, 3, 5, 67
Suppose 2 = -z + 2*a, 4*z + a + 16 + 1 = 0. Let s be 18/(-12) - -6 - (-2)/z. Suppose 305 - 1 = s*j. What are the prime factors of j?
2, 19
Suppose -365